hat is m(d)?
3
Let b(h) = -9*h**2 - 38*h - 15. Let d(r) = -5*r**2 - 20*r - 8. Let v(q) = -6*b(q) + 11*d(q). What is v(8)?
2
Let g be 2*5*2/10. Let n(b) = 3*b**3 - b**2 - 2*b + 1. Determine n(g).
17
Let c(b) = 3*b**2 + 13*b - 11. Suppose r + 38 = 3*g, -3*r + 2*r = g - 6. Let i(v) = -v**2 - 4*v + 4. Let j(s) = g*i(s) + 4*c(s). Give j(-9).
9
Let q(c) be the first derivative of 6 - 5/2*c**2 + 9*c. What is q(6)?
-21
Suppose -5*k = -3*m - 28, -2*m - 450*k - 22 = -454*k. Let t(x) = 33*x**2 - x - 1. Calculate t(m).
33
Let y(a) be the first derivative of -6*a + 26 + 1/4*a**4 + 2*a**2 + 7/3*a**3. Calculate y(-6).
6
Let o(w) be the third derivative of w**5/60 - 5*w**4/24 + w**3/6 - 14*w**2. Let x = 8 + -6. Let y be o(x). Let l(g) = g**3 + 6*g**2 + 6*g + 2. Calculate l(y).
-3
Let q(j) = -2*j - 5. Let h be -3 + (-12)/(-3) - -58. Let m = -63 + h. What is q(m)?
3
Let n(z) = -z + 8. Let j be n(4). Let w(r) = 3*r**2 + 2*r + 3*r - j*r. What is w(-1)?
2
Let h be (-3)/(3/(-2)) - 4. Let q(p) = -3*p**2 + p - 2. Let g be q(h). Let f = 19 + g. Let v(y) = -y**2 + 6*y - 1. Calculate v(f).
8
Let w = 2 + 1. Let x(y) be the third derivative of -y**5/60 + y**3/6 - 1301*y**2. Give x(w).
-8
Let z(m) be the third derivative of -m**4/12 - 5*m**3/3 + 208*m**2. Calculate z(-5).
0
Let h(p) = -5*p**2 + 52*p - 5 + p**3 + 40*p - 88*p. Give h(3).
-11
Let l be (-4)/(-10) - (-689)/65. Let s(o) = 3 - 4 - o**2 + 9 - 7 + l*o. Determine s(7).
29
Let i(q) be the second derivative of -1/12*q**4 + 0*q**3 + 0 + 2*q + 1/2*q**2. Let a(z) = -7*z**2 + z + 2. Let r(t) = -a(t) + 6*i(t). What is r(0)?
4
Let g(q) = -23 + 27 + 0*q - 2*q. Calculate g(0).
4
Let i(b) = -2*b**3 - 16*b**2 + 2. Let h be i(-8). Let z(g) be the third derivative of g**6/120 - g**5/20 + g**4/12 + g**3/6 - 2*g**2. Calculate z(h).
1
Let u(z) = -z**2 + 13*z + 3. Let t(c) = c**3 + 15*c**2 - 13*c + 62. Let v be t(-16). Calculate u(v).
-11
Let p(b) be the third derivative of 0 + 0*b + 0*b**3 - 2*b**2 - 1/8*b**4. Let n = -449 + 453. What is p(n)?
-12
Let y be (-3 - -1)/(-2)*9. Let u(p) = -2*p**2 + 21*p + 19. Let n(w) = w**2 - 10*w - 10. Let a(c) = 7*n(c) + 3*u(c). Determine a(y).
5
Suppose -p + 0 = 6. Let h = 9 + p. Let a(i) = -i - 2. Let b(v) = 3*v + 5. Let l(q) = 11*a(q) + 4*b(q). Determine l(h).
1
Let p = -14 - -16. Suppose p*b - 10 = b. Let c = b + -5. Let k(z) = -z**2 + 5*z + 3. Give k(c).
3
Suppose 64*r + 37 = -2*x + 61*r, -4*r = -5*x - 35. Let f(z) = -2*z**2 - 22*z - 5. Give f(x).
-5
Let b(j) = 2*j**2 + 6*j. Let o(u) = -96 + 4*u + u**2 + 91 - 2*u**2. Let h be o(4). Let m(x) = 2*x + 5. Let t be m(h). Calculate b(t).
20
Let t(y) = y**3 + y + 12. Let a(m) = 2*m**2 - 18*m + 11. Let u be a(9). Let h(b) = -2*b**3 - 2*b - 23. Let s(n) = u*t(n) + 6*h(n). Give s(0).
-6
Let n(l) = -13*l. Let y be 6/(-4) - (-66)/12. Suppose y*z = z - 3. Give n(z).
13
Suppose -5*w - 21 = 3*k, 2*k - 3*w - 3 + 36 = 0. Suppose 2*m + 81 = -4*f + 289, 52 = f + 5*m. Let u be f/k + (-2)/(-6). Let n(h) = h + 8. Give n(u).
4
Let g = 10 - 6. Let t(u) = u**2 - 6*u + 1. Let a(c) = -1. Let n(r) = -r. Let p be n(-2). Let l(m) = p*a(m) + t(m). Determine l(g).
-9
Let s(c) = 44*c + 94. Let b be s(-2). Let z(v) = v**2 - 8*v + 24. Determine z(b).
12
Let m(d) = 0 + 1291*d - 1283*d + 0. Calculate m(-1).
-8
Let u(c) = c**2 + 5*c + 5. Let q = -87 + 97. Let x be 1/(-3)*q - 26/39. Calculate u(x).
1
Let h(f) be the first derivative of f**3/6 + 5*f**2 - 30*f + 53. Let i(z) be the first derivative of h(z). Determine i(-6).
4
Let g(q) = 24*q**2 - 2*q - 11. Let s(v) = -13*v**2 + v + 6. Let d(w) = 6*g(w) + 11*s(w). Determine d(2).
2
Let s(c) = -c**3 + 5*c**2 + 5*c + 1. Let k(x) = 8*x - 6. Let h be k(4). Let f(y) = -y**2 - 10*y - 4. Let o be f(-6). Let z = h - o. Calculate s(z).
-5
Let r(n) = -n - 9. Let j be r(6). Let p = 29 + j. Let w(t) = -31*t + 15*t + 15*t - p. Determine w(0).
-14
Let p(k) = k + 3. Let n(v) = v + 0 + 0*v + 1. Let z(r) = -2*n(r) + p(r). Suppose -g = -4*g + 6. What is z(g)?
-1
Let s(x) = -3*x**3 + 2*x**2 - 34*x - 6. Let a(m) = -7*m**3 + 3*m**2 - 75*m - 12. Let l(z) = -4*a(z) + 9*s(z). What is l(-7)?
-13
Let s(z) = -z**2 + 7*z - 2. Let c(x) = 6*x - 14*x + 11*x + 91. Let d be c(-29). Give s(d).
10
Let s(b) = 8*b - 14. Let m(n) = 10*n - 14. Let u(x) = 5*m(x) - 6*s(x). Calculate u(-5).
4
Let g = 34 - 32. Let k be 225/(-36) + g/8. Let n(d) = -d**3 - 6*d**2 - d + 5. Calculate n(k).
11
Let q(h) = 10*h**2 + 11*h - 20. Let k(o) = -2*o**2 - 2*o + 4. Let z(i) = 11*k(i) + 2*q(i). Calculate z(5).
-46
Let r(p) = -p**3 - 27*p**2 - 25*p + 10. Let n(j) = -j**2 - 8*j + 442. Let m be n(-26). What is r(m)?
-16
Let l be 62/5 + ((-8)/(-20))/(-1). Let t be 1*(0 + l)/(-4). Let p(h) = -h**2 - 6*h - 4. What is p(t)?
5
Suppose 0 = -4*b - 2*v + 8, 6*b = b - v + 10. Let l(x) be the third derivative of -1/30*x**5 + 0 + 0*x**3 + 1/12*x**4 + 0*x - x**2. Calculate l(b).
-4
Suppose -420 = -3*m - 2*m - h, 2*m - 168 = -5*h. Let v = m - 82. Let f(w) = 6*w**2 - 4*w + 3. Give f(v).
19
Suppose 5*h - 50 = 33*n - 29*n, -5*h + 45 = -3*n. Let c(v) = -v**3 + 6*v**2 + 6*v - 5. Give c(h).
31
Let x(s) = 4*s - 7. Let c(q) = -q + 4. Let y(i) = -5*i + 21. Let v(l) = 33*c(l) - 6*y(l). Let g = -6 + 1. Let p(a) = g*v(a) - 4*x(a). What is p(4)?
-6
Let s(h) = -2*h**3 + h + h + 4*h**3 - 4*h**2 + 0*h**3. Let u be s(2). Let b = u - -2. Let f(d) = d - 3. Calculate f(b).
3
Let g(y) = 17*y - 320. Let j(h) = 8*h - 148. Let n(v) = -6*g(v) + 13*j(v). Determine n(1).
-2
Let t(j) = j**3 + 5*j**2 + 3*j + 1. Suppose -d - 4*d = k - 4, -2*k + 3*d = 5. Let p be (4/(-2) - k)*4. Give t(p).
5
Let h(r) = -5*r**2 - 16*r + 22. Let w(u) = -11*u**2 - 33*u + 46. Let n(g) = 13*h(g) - 6*w(g). Calculate n(8).
-6
Let i(q) be the second derivative of -5/12*q**4 + 1/2*q**3 - 2*q**2 + 1/10*q**5 - 17*q + 0. Calculate i(3).
14
Let x(d) = -45*d - 72. Let v(f) = 10*f + 18. Let k(o) = 13*v(o) + 3*x(o). Determine k(3).
3
Let g(r) be the third derivative of r**6/120 - r**5/15 - r**4/12 + r**3/3 + 25*r**2. Let v = -15 - -11. Let y be (1 - v) + 5 + -6. Give g(y).
-6
Suppose -2*p - 2*l = -18, -2*l = l - 12. Suppose -4*w + 3*c + 20 = p*c, 9 = -w - 4*c. Let n(i) = i**2 - 6*i + 4. Give n(w).
11
Suppose 4*f = p - 17, 8*f = 7*f + 2*p - 13. Let x(l) = l**3 + 5*l**2 + 12*l + 16. Give x(f).
-2
Let s(z) = -z + 9. Let w = 375 - 259. Let y = w + -107. Calculate s(y).
0
Suppose -3*w + 5*w + 4 = 0. Let f(s) be the first derivative of 3*s**2/2 + s + 2472. Calculate f(w).
-5
Suppose 19*g - 69 = -69. Let j(n) = 2*n + 16. Give j(g).
16
Let v(i) = i**3 - 7*i**2 + 14*i - 17. Let p be v(5). Let j(a) = -2*a + 10. Give j(p).
4
Let x(k) = k**3 + 7*k**2 + 6*k - 6. Let w(z) = -13*z**2 + 80*z - 19. Let n be w(6). What is x(n)?
-48
Let s(k) = -12*k - 2. Let g(r) = 21*r + 4. Let p(a) = 6*g(a) + 10*s(a). What is p(3)?
22
Let l be (-10)/(-4)*((-588)/28 + 25). Let j(w) = w**3 - 10*w**2 + w - 4. Give j(l).
6
Suppose -5*a = 3*v - 3*a + 13, 2*v - 18 = 4*a. Let b be -3 - 4/(v - 1). Let z(f) = -12*f**3 + f. Calculate z(b).
11
Let f be 14 - (-3 + 4 - 2). Let n be (10/f)/((-4)/(-30)). Suppose -4 = -x - n. Let i(c) = -2*c**3 - 2*c**2 + 1. Determine i(x).
1
Let h(g) = 5*g**2 - 24*g + 24. Let x(w) = -2*w**2 + 8*w - 8. Let b(u) = -3*h(u) - 8*x(u). Let p be 12/7*(-42)/(-4). Let m = p - 27. Calculate b(m).
1
Suppose 5*j - 11 = -1. Let z(y) = 5*y - j*y - 2*y. Determine z(-6).
-6
Let i(b) be the third derivative of 0 - 12*b**2 - 1/24*b**4 - 1/120*b**6 + 2*b**3 + 1/60*b**5 + 0*b. What is i(0)?
12
Suppose -4*a = x - a + 7, -x + 5 = -a. Let w(o) = o**3 + 6 + 61*o - 2 - 58*o - 5*o**x. Calculate w(3).
-5
Let d = -553 - -570. Let g(f) = f + 3. What is g(d)?
20
Suppose z = -0 + 3. Let h(u) = 5*u**2 - 3*u - 5. Let q(b) = 6*b**2 - 4*b - 6. Let w = -53 - -59. Let o(c) = w*q(c) - 7*h(c). Determine o(z).
-1
Let c(q) = q**2 - 11*q - 20. Let m be c(12). Let h be 0 - (-2)/(-1) - 0. Let a be 0*h/m - 6. Let b(p) = 2*p + 4. Determine b(a).
-8
Suppose r = 3, 0 = 3*u - 5*r - 0 + 9. Suppose -6*x = -4*q - 4*x - 28, -2*q - 16 = -u*x. Let a(w) = -w**2 - 7*w - 4. What is a(q)?
2
Let v(t) = 606 - 1215 - 2*t**2 - 4*t**2 + 4*t + 607 + 5*t**2. Calculate v(5).
-7
Let n(t) be the third derivative of -t**4/6 - 5*t**3/6 + 6*t**2 + 737*t. Suppose 5*v = v + 5*r + 14, 0 = -2*r + 4. Suppose -w + 2 = v. What is n(w)?
11
Let r(n) be the first 